emainder when j(p) is divided by u.
13
Let t = 8546 - 4139. What is the remainder when t is divided by 38?
37
Suppose 207*g - 207000 = -23*g. What is the remainder when g is divided by 46?
26
Let j = -2163 + 2266. What is the remainder when 323 is divided by j?
14
Let h(b) = 2*b**2 + 4*b + 44. Let m be h(-8). Suppose -m*k + 135*k = -55. Let t = 4 + 1. Calculate the remainder when k is divided by t.
1
Let g(f) = -5*f + 27. Let u(n) = -9*n + 52. Let x(h) = -7*g(h) + 4*u(h). Calculate the remainder when 55 is divided by x(11).
7
What is the remainder when ((-33)/(-7))/((-33)/(-22869)) is divided by 30?
27
Let q be (28/6)/(1/3). Let o be 52/(-65)*-12 - (-6)/(-10). Let p = o + q. Calculate the remainder when p is divided by 12.
11
Suppose 6*a = 225*a - 14727 - 14400. What is the remainder when 809 is divided by a?
11
Let d = -53950 - -53956. Let w(f) = f**2 + f. What is the remainder when d is divided by w(-2)?
0
Let s = 31004 - 30979. What is the remainder when 1363 is divided by s?
13
Let i = 203 + -196. Suppose 458 = i*h + 143. What is the remainder when h is divided by 23?
22
Let t = -3805 + 3838. Calculate the remainder when 42 is divided by t.
9
Let p = -1037 + 1085. What is the remainder when 1242 is divided by p?
42
Suppose 2*l + 5*l = -7*l + 4326. What is the remainder when l is divided by 65?
49
Suppose -112 = -5*x + 118. What is the remainder when x is divided by 318826/8843 + 2/(-37)?
10
Suppose q = 5*c - 1142, -81*c - 5*q = -80*c - 192. Calculate the remainder when c is divided by 15.
2
What is the remainder when (404/(-6))/(11/(43 + -142)) is divided by 15?
6
Calculate the remainder when 3/(-4) - (-2979)/36 is divided by 38.
6
Let h(n) = -112*n - 213. What is the remainder when 77 is divided by h(-2)?
0
Let s be ((-2 - -1) + -4)*(-483)/(-161). Let u = 1 - s. What is the remainder when 61 is divided by u?
13
Let r = -23459 + 23803. Let n(u) = -9*u - 2. What is the remainder when r is divided by n(-8)?
64
Suppose 0 = 5*y - 79 - 71. What is the remainder when 98/(-8*35/(-40) - 5) is divided by y?
19
Suppose 0 = 5*o - 4*l - 402, -5*o - l + 103 = -309. What is the remainder when 139 is divided by o?
57
Suppose -c + 3 = -3*d, 0 = 15*c - 14*c + 2*d - 38. What is the remainder when 303 is divided by c?
15
Let o(y) = -3*y - 39. Let t be o(-16). Suppose t*m + 225 = 34*m. What is the remainder when 296 is divided by m?
8
Let k = 111 - -185. Let g = k + -100. Suppose 2*m = -3*b - b + g, 3*b = 12. What is the remainder when m is divided by 7?
6
Suppose -5*o - 66 = -4*x - 2*o, -2*x - o + 38 = 0. Suppose 3*b + 510 = x*b. What is the remainder when 97 is divided by b?
29
Suppose 187*y - 186*y = -s + 22, 0 = -3*s - 2*y + 69. What is the remainder when 2269 is divided by s?
19
Let u be (-5)/3*36/(-15). Suppose u*r = 5*o - 17, -5*o = r - 6 - 21. Calculate the remainder when 9 is divided by r.
1
Suppose -11*f = g - 10*f - 377, 5*g - 2*f - 1878 = 0. Calculate the remainder when g is divided by 13.
12
Let u = 2098 - 2074. Calculate the remainder when 14927 is divided by u.
23
Let x(t) be the third derivative of t**6/120 + t**5/6 + 17*t**4/24 + 17*t**3/6 + 78*t**2. Calculate the remainder when x(-7) is divided by 11.
1
Let n = -4999 + 5140. What is the remainder when n is divided by 76?
65
Let r(g) = -13*g**2 + g. Let j be r(-1). Let q(l) = -l**2 - 17*l + 23. What is the remainder when 189 is divided by q(j)?
59
Suppose -4*z = 3*r - 297, -73*z + 72*z - 3*r = -63. Let l = -10 - -19. What is the remainder when z is divided by l?
6
Let o(z) = z**3 - 54*z**2 - 116*z + 247. What is the remainder when 753 is divided by o(56)?
17
Suppose 9*h - 234 = -36. What is the remainder when 2/(-4) + 122/4 is divided by (-40)/(-1)*-13*h/(-715)?
14
Let v(i) = -i**3 + 23*i**2 - 6*i + 14. Calculate the remainder when v(8) is divided by 114.
14
Suppose -2*h = 2*b - 284, 0 = -9*h + 7*h + 5*b + 305. Calculate the remainder when 999 is divided by h.
129
What is the remainder when (-3)/2*(-48)/(-72) + 58 is divided by 4*(-3)/6 + 33?
26
Suppose -2*b = 2*t - 48, b = -2*t - 0*t + 50. Suppose 0 = -2*d + 8*d - 5430. Suppose 916*k = d*k + 33. What is the remainder when t is divided by k?
2
Let n = -1790 - -1811. Calculate the remainder when 480 is divided by n.
18
Let n be ((-1)/(-6) - (-12)/72)*579. Let q = n + -188. Calculate the remainder when 9 is divided by q.
4
Let j be (-3396)/(-18) + (-4)/(-12). Calculate the remainder when 88 is divided by 18/j*9*1*7.
4
Let c = 32469 - 29219. What is the remainder when c is divided by 93?
88
Let b(g) = 3*g**2 - 9*g - 1. Let f(o) = 7*o**2 - 18*o - 1. Let y(d) = -5*b(d) + 2*f(d). What is the remainder when 38 is divided by y(8)?
5
Let k = -1168 + 1199. Calculate the remainder when 3705/11 + (-4)/(-22) is divided by k.
27
Let n = -21212 + 22131. What is the remainder when n is divided by 167?
84
Let m = 44 + -40. Let s be (35*10/5)/(0 + 2). Suppose -f - 76 = -m*g, 4*f = -3*g - s + 111. What is the remainder when g is divided by 3?
2
Suppose -110*y - 312 = -122*y + 336. Calculate the remainder when 1025 is divided by y.
53
Suppose -252 = -27*f + 15*f. What is the remainder when (0 + 1)*(2 - 3)*-101 is divided by f?
17
Suppose 5*h + 2*j + 30 = -3*j, -9 = -h + 2*j. Calculate the remainder when 647 is divided by (-5)/15*(h - 77).
23
Let d(z) = 2*z**3 - 6*z**2 - 7*z + 7. Let v be 1*(56/4)/2. Calculate the remainder when d(v) is divided by 44.
42
Let s(y) = -64*y + 2366. Calculate the remainder when 4277 is divided by s(36).
61
Suppose -4*r = -0*s + 5*s - 15, 4*s = -3*r + 12. Suppose 2*l + 48 = 5*b - 25, -b + s*l + 25 = 0. Calculate the remainder when b is divided by 2.
1
Suppose -38*k - 30 = -48*k. Suppose 4*n + 36 = 2*v - 10, -3*v - k*n = -24. What is the remainder when 427 is divided by v?
11
Let c(n) = 2*n + 133*n**2 - 54*n**2 + n. Let h be c(-1). Let u = h - 69. Calculate the remainder when 75 is divided by u.
5
Let o(i) = 206*i + 54. Let p be o(-9). What is the remainder when ((-4)/5)/((-5396)/p - 3) is divided by 74?
64
Suppose -874*m + 22008 = -860*m. Calculate the remainder when m is divided by 522.
6
Let z(w) be the third derivative of w**5/60 + w**4/24 + 5*w**3/6 + 55*w**2. Suppose 0 = 4*j - j. What is the remainder when 17 is divided by z(j)?
2
Suppose -19*d = -20*d - 2*g + 13, 0 = 3*d + 3*g - 27. Suppose 0 = d*v + 3*a - 233, 3*a - 5*a = -2. Calculate the remainder when v is divided by 17.
12
Let x(b) = -4*b - 20 + 14*b - 34 - 4*b. Calculate the remainder when x(22) is divided by 24.
6
Suppose g + 2284 = 21*r - 19*r, 4570 = 4*r - g. Calculate the remainder when r is divided by 59.
22
Suppose -16*p + 100 = 14*p - 28*p. Calculate the remainder when p is divided by 29.
21
Suppose -158*s + 223725 = -8851. Calculate the remainder when s is divided by 22.
20
Let h = 188 - 187. What is the remainder when 596 is divided by (-7 - h) + (78 - 44)?
24
Suppose 3*y - 119 = -14. Suppose 4*c - 67 = -c + 2*a, 5*a = -c + y. Let o = 222 + -136. Calculate the remainder when o is divided by c.
11
Let d(q) = 13*q + 8*q**2 + 15*q**3 + 29 - 7*q**3 - 7*q**3. Calculate the remainder when d(-5) is divided by 21.
18
Let b(w) = 4*w - 34 + 15*w - 9. What is the remainder when b(12) is divided by 5/(-2)*(-186)/15?
30
Let w = 97 + 513. Let i = -584 + w. Calculate the remainder when 467 is divided by i.
25
What is the remainder when (-14 + 23 + -32)*-49 is divided by 279?
11
Let m = 5088 - 4593. Calculate the remainder when m is divided by 72.
63
Let o = -35 + 35. Suppose o = 4*r + r. Suppose -y - 5*t = -47, r = 3*y - 5*t - 18 - 43. What is the remainder when y is divided by 7?
6
Let p = 18142 + -1687. What is the remainder when p is divided by 44?
43
Suppose 25*w - 13*w = 16*w - 1064. Calculate the remainder when 27129 is divided by w.
263
Let q = 15944 - -7463. Calculate the remainder when q is divided by 51.
49
Suppose -74697 = -89*h - 11685. Calculate the remainder when h is divided by 173.
16
Let w(b) = 89*b + 6732. Calculate the remainder when w(-71) is divided by 64.
29
What is the remainder when (-345)/(-1) - (152 + -166) is divided by 126?
107
Let y be (-2)/(-9) - (-7)/((-126)/(-32)). Let s(n) = 2*n**3 - 3*n**y + 3 - 8 - 7*n - 3*n**3 - 3. Calculate the remainder when 250 is divided by s(-4).
34
Suppose 3*l + 4 = -t, 9*l + 2*t + 8 = 6*l. Suppose l = z + 102 - 188